
1014322
In base 11, what is 726 - 357300?
-356685
In base 3, what is -10210221020122 - -211?
-10210221012211
In base 14, what is -11 + -65311?
-65322
In base 16, what is 43d + -155?
2e8
In base 12, what is 12447a - -1b7?
124675
In base 11, what is 1655035a + -3?
16550357
In base 8, what is 34307 - -107?
34416
In base 15, what is 6bed + -cdb?
5e12
In base 6, what is 40201050 - -513?
40202003
In base 2, what is 1001 - 10011101001111010111?
-10011101001111001110
In base 12, what is 5 + 5030446?
503044b
In base 12, what is 4 + 37851a25?
37851a29
In base 8, what is -505625632 - -1?
-505625631
In base 9, what is -1273176 + -523?
-1273710
In base 10, what is -924 + 15868?
14944
In base 12, what is -2aa82a8 - -4?
-2aa82a4
In base 2, what is -110011000 + 100010001111100110001?
100010001110110011001
In base 14, what is 41d80 - 6d3?
4168b
In base 15, what is -2 - 3b55753?
-3b55755
In base 13, what is -18044a - 979?
-1810c6
In base 15, what is -10acc4d - 5?
-10acc53
In base 7, what is 1311046552 + 0?
1311046552
In base 10, what is -755 - -712393?
711638
In base 2, what is 1000000 - 10111010000?
-10110010000
In base 16, what is 2c - -29a06?
29a32
In base 4, what is -2 - -12223101121212?
12223101121210
In base 16, what is -be - 7096?
-7154
In base 7, what is 236454 + 43023?
312510
In base 14, what is 4c87 - -4d53?
9bda
In base 15, what is -12a62 + -3?
-12a65
In base 4, what is 1220112201113 + 3?
1220112201122
In base 6, what is 211 - -10334353?
10335004
In base 15, what is 248 - -2498?
26e1
In base 5, what is -4211 + -3331241?
-3341002
In base 2, what is 11100110010000011110 + 100001?
11100110010000111111
In base 16, what is -3e - 1b2b7d?
-1b2bbb
In base 8, what is -17325 + -20655?
-40202
In base 9, what is 4360 - -154513?
158873
In base 4, what is -2 + -121000233233?
-121000233301
In base 8, what is 637 + 2243661?
2244520
In base 9, what is 6 + 117237351?
117237357
In base 7, what is 11306 + -20633?
-6324
In base 7, what is 2 + -36024246?
-36024244
In base 9, what is 6230 + 3786?
11126
In base 11, what is 213816 + -a?
213807
In base 6, what is -152002421 + -535?
-152003400
In base 11, what is -5 + -445456?
-445460
In base 6, what is 14540423 - 0?
14540423
In base 10, what is -2298300 + -6?
-2298306
In base 16, what is -1 + 38e2?
38e1
In base 5, what is 420440 - -3040?
424030
In base 12, what is 23 + 228b91?
228bb4
In base 2, what is -10100110101011001110011001 + 101?
-10100110101011001110010100
In base 7, what is 1224034414 - 5?
1224034406
In base 6, what is -1 + -4421335355?
-4421335400
In base 9, what is -81355 + 165?
-81180
In base 7, what is -5 + 23121240?
23121232
In base 2, what is 100000101011001000110110111 - 11?
100000101011001000110110100
In base 12, what is 549 - -2a611b?
2a6668
In base 5, what is -142420241 + 241?
-142420000
In base 4, what is -331032030 - 111031?
-331203121
In base 13, what is 1c + -4aab018?
-4aaacc9
In base 15, what is 30831 - 14db?
2e345
In base 9, what is -24540 + -2873?
-27523
In base 2, what is 11 - 10111011011100011010101?
-10111011011100011010010
In base 10, what is -271 - -48121?
47850
In base 15, what is 76d - 16e2?
-e74
In base 4, what is -1032020211 - -22?
-1032020123
In base 2, what is 110000000110 - -110110011101?
1100110100011
In base 4, what is -2232131001121 + 3?
-2232131001112
In base 10, what is 512 - 6026?
-5514
In base 11, what is 111725 - -1930?
113555
In base 3, what is -12212011200 - 21221?
-12212110121
In base 8, what is -3124507 - 3?
-3124512
In base 10, what is -10189757 - 1?
-10189758
In base 13, what is -3532b55 - -2?
-3532b53
In base 11, what is 8 + -522333?
-522326
In base 14, what is 3700 - -1401?
4b01
In base 2, what is 1010100011001 + -1100110111?
1000111100010
In base 15, what is -4 + 50d62ad?
50d62a9
In base 7, what is -3 - 1310346350?
-1310346353
In base 7, what is 6161320 - 10?
6161310
In base 9, what is -45 + 8740416?
8740361
In base 9, what is 3052 + -57018?
-53856
In base 6, what is -11451010440 - -5?
-11451010431
In base 3, what is 11 + 1101212212020121?
1101212212020202
In base 7, what is -244 - -163610?
163333
In base 15, what is 3 + 439c95?
439c98
In base 11, what is 2312668 - 2?
2312666
In base 3, what is -11101202 - 1121111121?
-1202220100
In base 15, what is 37 + b4de4e?
b4de86
In base 12, what is -5 + -6147921?
-6147926
In base 5, what is -20222 - 100140314?
-100211041
In base 8, what is -44663 + 42712?
-1751
In base 11, what is 4 - 1646870?
-1646867
In base 15, what is 1b34 - -3d7a?
59ae
In base 2, what is 1110101000101101011110101 - 110?
1110101000101101011101111
In base 3, what is -2 + 111011001012210222?
111011001012210220
In base 8, what is 70360 + -2422?
65736
In base 6, what is 5334244 - 24?
5334220
In base 15, what is e825cd + 15?
e825e3
In base 15, what is -188 + -40bba?
-40d53
In base 2, what is -10000101101 + -1110101011010110?
-1110111100000011
In base 9, what is -50035 - -258?
-48666
In base 10, what is -11 - 1652774?
-1652785
In base 5, what is 11321013 - 1231?
11314232
In base 15, what is -14e4 - 1858?
-2d4c
In base 5, what is 10402043 + -22?
10402021
In base 3, what is 12201000210210222 + 20?
12201000210211012
In base 9, what is 2 - 182243266?
-182243264
In base 4, what is 221333200322 - 2?
221333200320
In base 16, what is -35aae58 + 11?
-35aae47
In base 10, what is -21560 + -372?
-21932
In base 4, what is -130 + 2010011332?
2010011202
In base 11, what is 18 - 1246902?
-1246895
In base 4, what is 31032310 + -111010?
30321300
In base 12, what is 339 - 61a?
-2a1
In base 12, what is -4 - -813612?
81360a
In base 13, what is 2 - -80a5797?
80a5799
In base 3, what is 1202 - 110222210100?
-110222201121
In base 11, what is 19749082 + 5?
19749087
In base 5, what is -20242001340 - 10?
-20242001400
In base 9, what is -14380 + -3662?
-18152
In base 12, what is 83 - -147048?
14710b
In base 2, what is -100000000101011 - 1100000?
-100000010001011
In base 14, what is 5 - -1cd0da?
1cd101
In base 15, what is -48c + a6b?
5ce
In base 15, what is -3c5 + 14ec0?
14aea
In base 3, what is -1102101022 - -10011?
-1102021011
In base 9, what is 104404 + 3375?
107780
In base 16, what is 2da24ea2 + -5?
2da24e9d
In base 6, what is -20 + 410055225?
410055205
In base 3, what is 211000220100202211 - 12?
211000220100202122
In base 7, what is -1 - 1063343?
-1063344
In base 16, what is -7 - 118cfa?
-118d01
In base 13, what is -11a8c0 - 119?
-11aa09
In base 8, what is 425 - 6777600?
-6777153
In base 10, what is -398 + -29272?
-29670
In base 2, what is 10100101101011001000010 - 100?
10100101101011000111110
In base 2, what is 111100100000111111110111000 - -101?
111100100000111111110111101
In base 4, what is -3 + 201300211302?
201300211233
In base 13, what is -27923 + 35?
-278bb
In base 8, what is -171617311 - -6?
-171617303
In base 15, what is -4 - -cb89c0?
cb89bb
In base 2, what is -1011001011010001011 + -1100?
-1011001011010010111
In base 6, what is 51354 - -155153?
250551
In base 11, what is 177899 - 5?
177894
In base 4, what is -10 + 11021111013?
11021111003
In base 6, what is -10434 + -3300023?
-3310501
In base 7, what is -4611 - -55524?
50613
In base 3, what is 10122100 - -122101221?
210001021
In base 15, what is 1 - -2c26c6?
2c26c7
In base 14, what is 7a302 + -104?
7a1dc
In base 5, what is 3 - 14214104240?
-14214104232
In base 14, what is 657 - -6900?
7157
In base 7, what is -2 - -116650124?
116650122
In base 16, what is -6 + 5fdcb9?
5fdcb3
In base 11, what is -5 - 2a178a3?
-2a178a8
In base 13, what is -272ccb6 - -3?
-272ccb3
In base 3, what is -1012111222112012 + -102?
-1012111222112121
In base 15, what is -ebec + 3e2c?
-acc0
In base 9, what is 245231826 + 5?
245231832
In base 12, what is -120 - 19965?
-19a85
In base 6, what is -1 - -1335414142?
1335414141
In base 10, what is 24039947 + 17?
24039964
In base 4, what is -1001031332312 - -3?
-1001031332303
In base 7, what is 232 + 653532?
654064
In base 3, what is 20120101012121010 - -11?
20120101012121021
In base 8, what is -7 - 12331117?
-12331126
In base 16, what is 3 - -17cde89?
17cde8c
In base 8, what is -3 + 2451441?
2451436
In base 14, what is -c667 - -2?
-c665
In base 5, what is 33423344003 - -4?
33423344012
In base 13, what is 7271152a - -1?
7271152b
In base 5, what is 2 - -1042410141?
1042410143
In base 5, what is -1122 - 3020340?
-30